{"id":455,"date":"2015-05-05T14:03:15","date_gmt":"2015-05-05T14:03:15","guid":{"rendered":"http:\/\/monecole.fr\/monB2i\/?page_id=455"},"modified":"2018-08-28T15:57:29","modified_gmt":"2018-08-28T15:57:29","slug":"demander-les-codes-de-correction","status":"publish","type":"page","link":"https:\/\/monecole.fr\/monB2i\/demander-les-codes-de-correction\/","title":{"rendered":"Demander les codes de correction"},"content":{"rendered":"<p style=\"text-align: center;\">Pour obtenir les codes de correction, il faut \u00eatre enseignant et donc disposer d&rsquo;une adresse acad\u00e9mique (celle de l&rsquo;\u00e9cole ou la votre individuelle)<\/p>\n<p style=\"text-align: center;\">\u00a0Votre email professionnel :<\/p>\n<div><div class=\"wpforms-container wpforms-container-full\" id=\"wpforms-727\"><form id=\"wpforms-form-727\" class=\"wpforms-validate wpforms-form\" data-formid=\"727\" method=\"post\" enctype=\"multipart\/form-data\" action=\"\/monB2i\/wp-json\/wp\/v2\/pages\/455\" data-token=\"676787bc9a4c2bf8d9cd45e834674bb3\" data-token-time=\"1778805598\"><noscript class=\"wpforms-error-noscript\">Veuillez activer JavaScript dans votre navigateur pour remplir ce formulaire.<\/noscript><div class=\"wpforms-field-container\"><div id=\"wpforms-727-field_1-container\" class=\"wpforms-field wpforms-field-text\" data-field-id=\"1\"><label class=\"wpforms-field-label\" for=\"wpforms-727-field_1\">Mail pro (d\u00e9but) <span class=\"wpforms-required-label\">*<\/span><\/label><input type=\"text\" id=\"wpforms-727-field_1\" class=\"wpforms-field-small wpforms-field-required\" name=\"wpforms[fields][1]\" required><\/div><div id=\"wpforms-727-field_2-container\" class=\"wpforms-field wpforms-field-select\" data-field-id=\"2\"><label class=\"wpforms-field-label\" for=\"wpforms-727-field_2\">Acad\u00e9mie (exemple @ac-lyon.fr) <span class=\"wpforms-required-label\">*<\/span><\/label><select id=\"wpforms-727-field_2\" class=\"wpforms-field-small wpforms-field-required\" name=\"wpforms[fields][2]\" required=\"required\"><option value=\"@ac-aix-marseille.fr\"  class=\"choice-1 depth-1\"  >@ac-aix-marseille.fr<\/option><option value=\"@ac-amiens.fr\"  class=\"choice-2 depth-1\"  >@ac-amiens.fr<\/option><option value=\"@ac-besancon.fr\"  class=\"choice-3 depth-1\"  >@ac-besancon.fr<\/option><option value=\"@ac-bordeaux.fr\"  class=\"choice-4 depth-1\"  >@ac-bordeaux.fr<\/option><option value=\"@ac-caen.fr\"  class=\"choice-5 depth-1\"  >@ac-caen.fr<\/option><option value=\"@ac-clermont.fr\"  class=\"choice-6 depth-1\"  >@ac-clermont.fr<\/option><option value=\"@ac-creteil.fr\"  class=\"choice-7 depth-1\"  >@ac-creteil.fr<\/option><option value=\"@ac-dijon.fr\"  class=\"choice-8 depth-1\"  >@ac-dijon.fr<\/option><option value=\"@ac-grenoble.fr\"  class=\"choice-9 depth-1\"  >@ac-grenoble.fr<\/option><option value=\"@ac-guadeloupe.fr\"  class=\"choice-10 depth-1\"  >@ac-guadeloupe.fr<\/option><option value=\"@ac-guyane.fr\"  class=\"choice-11 depth-1\"  >@ac-guyane.fr<\/option><option value=\"@ac-lille.fr\"  class=\"choice-12 depth-1\"  >@ac-lille.fr<\/option><option value=\"@ac-limoges.fr\"  class=\"choice-13 depth-1\"  >@ac-limoges.fr<\/option><option value=\"@ac-lyon.fr\"  class=\"choice-14 depth-1\"  >@ac-lyon.fr<\/option><option value=\"@ac-mayotte.fr\"  class=\"choice-15 depth-1\"  >@ac-mayotte.fr<\/option><option value=\"@ac-montpellier.fr\"  class=\"choice-16 depth-1\"  >@ac-montpellier.fr<\/option><option value=\"@ac-nancy-metz.fr\"  class=\"choice-17 depth-1\"  >@ac-nancy-metz.fr<\/option><option value=\"@ac-nantes.fr\"  class=\"choice-18 depth-1\"  >@ac-nantes.fr<\/option><option value=\"@ac-nice.fr\"  class=\"choice-19 depth-1\"  >@ac-nice.fr<\/option><option value=\"@ac-orleans-tours.fr\"  class=\"choice-20 depth-1\"  >@ac-orleans-tours.fr<\/option><option value=\"@ac-paris.fr\"  class=\"choice-21 depth-1\"  >@ac-paris.fr<\/option><option value=\"@ac-poitiers.fr\"  class=\"choice-22 depth-1\"  >@ac-poitiers.fr<\/option><option value=\"@ac-reims.fr\"  class=\"choice-23 depth-1\"  >@ac-reims.fr<\/option><option value=\"@ac-rennes.fr\"  class=\"choice-24 depth-1\"  >@ac-rennes.fr<\/option><option value=\"@ac-reunion.fr\"  class=\"choice-25 depth-1\"  >@ac-reunion.fr<\/option><option value=\"@ac-rouen.fr\"  class=\"choice-26 depth-1\"  >@ac-rouen.fr<\/option><option value=\"@ac-strasbourg.fr\"  class=\"choice-27 depth-1\"  >@ac-strasbourg.fr<\/option><option value=\"@ac-toulouse.fr\"  class=\"choice-28 depth-1\"  >@ac-toulouse.fr<\/option><option value=\"@ac-versailles.fr\"  class=\"choice-29 depth-1\"  >@ac-versailles.fr<\/option><\/select><\/div><\/div><!-- .wpforms-field-container --><div class=\"wpforms-field wpforms-field-hp\"><label for=\"wpforms-727-field-hp\" class=\"wpforms-field-label\">Message<\/label><input type=\"text\" name=\"wpforms[hp]\" id=\"wpforms-727-field-hp\" class=\"wpforms-field-medium\"><\/div><div class=\"wpforms-submit-container\" ><input type=\"hidden\" name=\"wpforms[id]\" value=\"727\"><input type=\"hidden\" name=\"page_title\" value=\"\"><input type=\"hidden\" name=\"page_url\" value=\"https:\/\/monecole.fr\/monB2i\/wp-json\/wp\/v2\/pages\/455\"><input type=\"hidden\" name=\"url_referer\" value=\"\"><button type=\"submit\" name=\"wpforms[submit]\" id=\"wpforms-submit-727\" class=\"wpforms-submit\" data-alt-text=\"Envoi en cours...\" data-submit-text=\"Envoyer\" aria-live=\"assertive\" value=\"wpforms-submit\">Envoyer<\/button><\/div><\/form><\/div>  <!-- .wpforms-container --><\/div>\n<p><em>Si n&rsquo;arrivez pas \u00e0 utiliser ce formulaire automatique, reportez vous sur le <strong><a href=\"http:\/\/monecole.fr\/monB2i\/formulaire-bis-demande-de-codes\/\">formulaire manuel ici<\/a><\/strong><\/em><\/p>\n<p>&nbsp;<\/p>\n","protected":false},"excerpt":{"rendered":"<p>Pour obtenir les codes de correction, il faut \u00eatre enseignant et donc disposer d&rsquo;une adresse acad\u00e9mique (celle de l&rsquo;\u00e9cole ou la votre individuelle) \u00a0Votre email professionnel : Si n&rsquo;arrivez pas \u00e0 utiliser ce formulaire automatique, reportez vous sur le formulaire manuel ici &nbsp;<\/p>\n","protected":false},"author":2,"featured_media":0,"parent":0,"menu_order":0,"comment_status":"open","ping_status":"open","template":"","meta":{"footnotes":""},"class_list":["post-455","page","type-page","status-publish","hentry"],"jetpack_sharing_enabled":true,"_links":{"self":[{"href":"https:\/\/monecole.fr\/monB2i\/wp-json\/wp\/v2\/pages\/455","targetHints":{"allow":["GET"]}}],"collection":[{"href":"https:\/\/monecole.fr\/monB2i\/wp-json\/wp\/v2\/pages"}],"about":[{"href":"https:\/\/monecole.fr\/monB2i\/wp-json\/wp\/v2\/types\/page"}],"author":[{"embeddable":true,"href":"https:\/\/monecole.fr\/monB2i\/wp-json\/wp\/v2\/users\/2"}],"replies":[{"embeddable":true,"href":"https:\/\/monecole.fr\/monB2i\/wp-json\/wp\/v2\/comments?post=455"}],"version-history":[{"count":9,"href":"https:\/\/monecole.fr\/monB2i\/wp-json\/wp\/v2\/pages\/455\/revisions"}],"predecessor-version":[{"id":728,"href":"https:\/\/monecole.fr\/monB2i\/wp-json\/wp\/v2\/pages\/455\/revisions\/728"}],"wp:attachment":[{"href":"https:\/\/monecole.fr\/monB2i\/wp-json\/wp\/v2\/media?parent=455"}],"curies":[{"name":"wp","href":"https:\/\/api.w.org\/{rel}","templated":true}]}}